{"id":4616,"date":"2020-04-12T14:03:25","date_gmt":"2020-04-12T14:03:25","guid":{"rendered":"http:\/\/patrimoine-laroque-des-alberes.fr\/?page_id=4616"},"modified":"2024-05-11T16:59:44","modified_gmt":"2024-05-11T16:59:44","slug":"loliveraie","status":"publish","type":"page","link":"https:\/\/patrimoine-laroque-des-alberes.fr\/?page_id=4616","title":{"rendered":"Oliveraie Des Muscats"},"content":{"rendered":"\n<p>L&rsquo;oliveraie est un terrain de 3 hectares jouxtant le parc communal des \u00ab\u00a0Muscats\u00a0\u00bb. La Mairie de Laroque en a donn\u00e9 l&rsquo;exploitation \u00e0 l&rsquo;Association du Patrimoine pour son  entretien et depuis quelques ann\u00e9es pour la r\u00e9colte des olives. Celles-ci viendront s&rsquo;additionner \u00e0 celles de la Chapelle de Tanya, qui nous permettront la confection de notre huile d&rsquo;olive du \u00ab\u00a0Patrimoine\u00a0\u00bb, qui est traditionnellement vendue lors de notre Assembl\u00e9e G\u00e9n\u00e9rale du mois de janvier.<\/p>\n\n\n\n<div class=\"wp-block-media-text alignwide is-stacked-on-mobile\"><figure class=\"wp-block-media-text__media\"><img loading=\"lazy\" decoding=\"async\" width=\"400\" height=\"300\" src=\"https:\/\/patrimoine-laroque-des-alberes.fr\/wp-content\/uploads\/2020\/04\/Oliveraie-2010-Deffrichage_opt.jpg\" alt=\"\" class=\"wp-image-4860 size-full\" srcset=\"https:\/\/patrimoine-laroque-des-alberes.fr\/wp-content\/uploads\/2020\/04\/Oliveraie-2010-Deffrichage_opt.jpg 400w, https:\/\/patrimoine-laroque-des-alberes.fr\/wp-content\/uploads\/2020\/04\/Oliveraie-2010-Deffrichage_opt-300x225.jpg 300w\" sizes=\"auto, (max-width: 400px) 100vw, 400px\" \/><\/figure><div class=\"wp-block-media-text__content\">\n<p class=\"has-text-align-center\" style=\"font-size:19px\"><strong>2010  D\u00e9frichage<\/strong><\/p>\n<\/div><\/div>\n\n\n<div class=\"wp-block-image\">\n<figure class=\"aligncenter size-large\"><img loading=\"lazy\" decoding=\"async\" width=\"400\" height=\"550\" src=\"https:\/\/patrimoine-laroque-des-alberes.fr\/wp-content\/uploads\/2020\/04\/Oliveraie-2010-journal_opt.jpg\" alt=\"\" class=\"wp-image-4862\" srcset=\"https:\/\/patrimoine-laroque-des-alberes.fr\/wp-content\/uploads\/2020\/04\/Oliveraie-2010-journal_opt.jpg 400w, https:\/\/patrimoine-laroque-des-alberes.fr\/wp-content\/uploads\/2020\/04\/Oliveraie-2010-journal_opt-218x300.jpg 218w\" sizes=\"auto, (max-width: 400px) 100vw, 400px\" \/><\/figure>\n<\/div>\n\n\n<figure class=\"wp-block-gallery aligncenter has-nested-images columns-default is-cropped wp-block-gallery-2 is-layout-flex wp-block-gallery-is-layout-flex\">\n<figure class=\"wp-block-image size-large\"><img loading=\"lazy\" decoding=\"async\" width=\"400\" height=\"300\" data-id=\"4864\" src=\"https:\/\/patrimoine-laroque-des-alberes.fr\/wp-content\/uploads\/2020\/04\/Oliveraie-2010-plantation_opt.jpg\" alt=\"\" class=\"wp-image-4864\" srcset=\"https:\/\/patrimoine-laroque-des-alberes.fr\/wp-content\/uploads\/2020\/04\/Oliveraie-2010-plantation_opt.jpg 400w, https:\/\/patrimoine-laroque-des-alberes.fr\/wp-content\/uploads\/2020\/04\/Oliveraie-2010-plantation_opt-300x225.jpg 300w\" sizes=\"auto, (max-width: 400px) 100vw, 400px\" \/><\/figure>\n\n\n\n<figure class=\"wp-block-image size-large\"><img loading=\"lazy\" decoding=\"async\" width=\"400\" height=\"300\" data-id=\"4865\" src=\"https:\/\/patrimoine-laroque-des-alberes.fr\/wp-content\/uploads\/2020\/04\/Oliveraie-2011-04-plantation_opt.jpg\" alt=\"\" class=\"wp-image-4865\" srcset=\"https:\/\/patrimoine-laroque-des-alberes.fr\/wp-content\/uploads\/2020\/04\/Oliveraie-2011-04-plantation_opt.jpg 400w, https:\/\/patrimoine-laroque-des-alberes.fr\/wp-content\/uploads\/2020\/04\/Oliveraie-2011-04-plantation_opt-300x225.jpg 300w\" sizes=\"auto, (max-width: 400px) 100vw, 400px\" \/><\/figure>\n<\/figure>\n\n\n\n<div class=\"wp-block-media-text alignwide is-stacked-on-mobile\"><figure class=\"wp-block-media-text__media\"><img loading=\"lazy\" decoding=\"async\" width=\"400\" height=\"300\" src=\"https:\/\/patrimoine-laroque-des-alberes.fr\/wp-content\/uploads\/2020\/04\/oliveraie-2012-10_opt.jpg\" alt=\"\" class=\"wp-image-4867 size-full\" srcset=\"https:\/\/patrimoine-laroque-des-alberes.fr\/wp-content\/uploads\/2020\/04\/oliveraie-2012-10_opt.jpg 400w, https:\/\/patrimoine-laroque-des-alberes.fr\/wp-content\/uploads\/2020\/04\/oliveraie-2012-10_opt-300x225.jpg 300w\" sizes=\"auto, (max-width: 400px) 100vw, 400px\" \/><\/figure><div class=\"wp-block-media-text__content\">\n<p class=\"has-text-align-center\" style=\"font-size:19px\"><strong>2012  \u00e7a pousse<\/strong><\/p>\n<\/div><\/div>\n\n\n\n<div class=\"wp-block-media-text alignwide has-media-on-the-right is-stacked-on-mobile\"><div class=\"wp-block-media-text__content\">\n<p class=\"has-text-align-center\" style=\"font-size:19px\"><strong>2014 Entretien et bient\u00f4t la r\u00e9colte<\/strong><\/p>\n<\/div><figure class=\"wp-block-media-text__media\"><img loading=\"lazy\" decoding=\"async\" width=\"400\" height=\"300\" src=\"https:\/\/patrimoine-laroque-des-alberes.fr\/wp-content\/uploads\/2020\/04\/Oliveraie-2014-06_opt.jpg\" alt=\"\" class=\"wp-image-4869 size-full\" srcset=\"https:\/\/patrimoine-laroque-des-alberes.fr\/wp-content\/uploads\/2020\/04\/Oliveraie-2014-06_opt.jpg 400w, https:\/\/patrimoine-laroque-des-alberes.fr\/wp-content\/uploads\/2020\/04\/Oliveraie-2014-06_opt-300x225.jpg 300w\" sizes=\"auto, (max-width: 400px) 100vw, 400px\" \/><\/figure><\/div>\n\n\n\n<div class=\"wp-block-media-text alignwide is-stacked-on-mobile\"><figure class=\"wp-block-media-text__media\"><img loading=\"lazy\" decoding=\"async\" width=\"400\" height=\"300\" src=\"https:\/\/patrimoine-laroque-des-alberes.fr\/wp-content\/uploads\/2020\/04\/Oliveraie-pr\u00e9sentation_opt.jpg\" alt=\"\" class=\"wp-image-4916 size-full\" srcset=\"https:\/\/patrimoine-laroque-des-alberes.fr\/wp-content\/uploads\/2020\/04\/Oliveraie-pr\u00e9sentation_opt.jpg 400w, https:\/\/patrimoine-laroque-des-alberes.fr\/wp-content\/uploads\/2020\/04\/Oliveraie-pr\u00e9sentation_opt-300x225.jpg 300w\" sizes=\"auto, (max-width: 400px) 100vw, 400px\" \/><\/figure><div class=\"wp-block-media-text__content\">\n<p class=\"has-text-align-center\" style=\"font-size:19px\"><strong>2020 Tondeuses \u00e9cologiques dans le champ<\/strong><\/p>\n<\/div><\/div>\n\n\n\n<div class=\"wp-block-media-text has-media-on-the-right is-stacked-on-mobile\"><div class=\"wp-block-media-text__content\">\n<p><strong>Cueillette des olives pour notre \u00ab\u00a0Huile du Patrimoine\u00a0\u00bb<\/strong><\/p>\n<\/div><figure class=\"wp-block-media-text__media\"><img loading=\"lazy\" decoding=\"async\" width=\"400\" height=\"300\" src=\"https:\/\/patrimoine-laroque-des-alberes.fr\/wp-content\/uploads\/2020\/12\/Muscat-cueillette-2010-10-retouch-opt.jpg\" alt=\"\" class=\"wp-image-6095 size-full\" srcset=\"https:\/\/patrimoine-laroque-des-alberes.fr\/wp-content\/uploads\/2020\/12\/Muscat-cueillette-2010-10-retouch-opt.jpg 400w, https:\/\/patrimoine-laroque-des-alberes.fr\/wp-content\/uploads\/2020\/12\/Muscat-cueillette-2010-10-retouch-opt-300x225.jpg 300w\" sizes=\"auto, (max-width: 400px) 100vw, 400px\" \/><\/figure><\/div>\n\n\n\n<hr class=\"wp-block-separator has-alpha-channel-opacity\"\/>\n\n\n\n<h3 class=\"wp-block-heading\">2024 Que le temps passe, mais nos oliviers sont toujours l\u00e0. Ils ont un peu souffert du vent, mais nous sommes pr\u00e9sents pour les redresser et tailler.<\/h3>\n\n\n<div class=\"wp-block-image\">\n<figure class=\"alignleft size-full is-resized\"><img loading=\"lazy\" decoding=\"async\" width=\"960\" height=\"720\" src=\"https:\/\/patrimoine-laroque-des-alberes.fr\/wp-content\/uploads\/2024\/05\/2024-04-19-Muscats-3.jpg\" alt=\"\" class=\"wp-image-8165\" style=\"width:628px;height:auto\" srcset=\"https:\/\/patrimoine-laroque-des-alberes.fr\/wp-content\/uploads\/2024\/05\/2024-04-19-Muscats-3.jpg 960w, https:\/\/patrimoine-laroque-des-alberes.fr\/wp-content\/uploads\/2024\/05\/2024-04-19-Muscats-3-300x225.jpg 300w, https:\/\/patrimoine-laroque-des-alberes.fr\/wp-content\/uploads\/2024\/05\/2024-04-19-Muscats-3-768x576.jpg 768w\" sizes=\"auto, (max-width: 960px) 100vw, 960px\" \/><\/figure>\n<\/div>\n\n<div class=\"wp-block-image\">\n<figure class=\"alignright size-full is-resized\"><img loading=\"lazy\" decoding=\"async\" width=\"960\" height=\"720\" src=\"https:\/\/patrimoine-laroque-des-alberes.fr\/wp-content\/uploads\/2024\/05\/2024-04-19-Muscats-5.jpg\" alt=\"\" class=\"wp-image-8166\" style=\"width:550px;height:auto\" srcset=\"https:\/\/patrimoine-laroque-des-alberes.fr\/wp-content\/uploads\/2024\/05\/2024-04-19-Muscats-5.jpg 960w, https:\/\/patrimoine-laroque-des-alberes.fr\/wp-content\/uploads\/2024\/05\/2024-04-19-Muscats-5-300x225.jpg 300w, https:\/\/patrimoine-laroque-des-alberes.fr\/wp-content\/uploads\/2024\/05\/2024-04-19-Muscats-5-768x576.jpg 768w\" sizes=\"auto, (max-width: 960px) 100vw, 960px\" \/><\/figure>\n<\/div>","protected":false},"excerpt":{"rendered":"<p>L&rsquo;oliveraie est un terrain de 3 hectares jouxtant le parc communal des \u00ab\u00a0Muscats\u00a0\u00bb. La Mairie de Laroque en a donn\u00e9 l&rsquo;exploitation \u00e0 l&rsquo;Association du Patrimoine pour son entretien et depuis quelques ann\u00e9es pour la r\u00e9colte des olives. Celles-ci viendront s&rsquo;additionner \u00e0 celles de la Chapelle de Tanya, qui nous permettront [&hellip;]<\/p>\n","protected":false},"author":1,"featured_media":4918,"parent":0,"menu_order":0,"comment_status":"closed","ping_status":"closed","template":"","meta":{"_monsterinsights_skip_tracking":false,"_monsterinsights_sitenote_active":false,"_monsterinsights_sitenote_note":"","_monsterinsights_sitenote_category":0,"footnotes":""},"class_list":["post-4616","page","type-page","status-publish","has-post-thumbnail","hentry"],"_links":{"self":[{"href":"https:\/\/patrimoine-laroque-des-alberes.fr\/index.php?rest_route=\/wp\/v2\/pages\/4616","targetHints":{"allow":["GET"]}}],"collection":[{"href":"https:\/\/patrimoine-laroque-des-alberes.fr\/index.php?rest_route=\/wp\/v2\/pages"}],"about":[{"href":"https:\/\/patrimoine-laroque-des-alberes.fr\/index.php?rest_route=\/wp\/v2\/types\/page"}],"author":[{"embeddable":true,"href":"https:\/\/patrimoine-laroque-des-alberes.fr\/index.php?rest_route=\/wp\/v2\/users\/1"}],"replies":[{"embeddable":true,"href":"https:\/\/patrimoine-laroque-des-alberes.fr\/index.php?rest_route=%2Fwp%2Fv2%2Fcomments&post=4616"}],"version-history":[{"count":24,"href":"https:\/\/patrimoine-laroque-des-alberes.fr\/index.php?rest_route=\/wp\/v2\/pages\/4616\/revisions"}],"predecessor-version":[{"id":8167,"href":"https:\/\/patrimoine-laroque-des-alberes.fr\/index.php?rest_route=\/wp\/v2\/pages\/4616\/revisions\/8167"}],"wp:featuredmedia":[{"embeddable":true,"href":"https:\/\/patrimoine-laroque-des-alberes.fr\/index.php?rest_route=\/wp\/v2\/media\/4918"}],"wp:attachment":[{"href":"https:\/\/patrimoine-laroque-des-alberes.fr\/index.php?rest_route=%2Fwp%2Fv2%2Fmedia&parent=4616"}],"curies":[{"name":"wp","href":"https:\/\/api.w.org\/{rel}","templated":true}]}}