{"id":5082,"date":"2020-05-08T01:19:19","date_gmt":"2020-05-08T01:19:19","guid":{"rendered":"http:\/\/patrimoine-laroque-des-alberes.fr\/?page_id=5082"},"modified":"2020-11-16T20:08:04","modified_gmt":"2020-11-16T20:08:04","slug":"casot-den-lic","status":"publish","type":"page","link":"https:\/\/patrimoine-laroque-des-alberes.fr\/?page_id=5082","title":{"rendered":"Casot d&rsquo;En Lic"},"content":{"rendered":"\n<p><strong>Cette construction, plus grande qu&rsquo;une cabane, servait de remise \u00e0 outils lorsque les terrains en \u00ab\u00a0terrasses\u00a0\u00bb \u00e9taient cultiv\u00e9s en arbres fruitiers.<\/strong> <\/p>\n\n\n\n<h4 class=\"has-text-align-center wp-block-heading\"><strong>Casot en 2012 &#8211; 2013<\/strong><\/h4>\n\n\n\n<figure class=\"wp-block-gallery columns-2 is-cropped wp-block-gallery-2 is-layout-flex wp-block-gallery-is-layout-flex\"><ul class=\"blocks-gallery-grid\"><li class=\"blocks-gallery-item\"><figure><img loading=\"lazy\" decoding=\"async\" width=\"400\" height=\"300\" src=\"https:\/\/patrimoine-laroque-des-alberes.fr\/wp-content\/uploads\/2020\/05\/Sentier-casot-den-lic-2012-avant_opt.jpg\" alt=\"\" data-id=\"5083\" data-link=\"https:\/\/patrimoine-laroque-des-alberes.fr\/?attachment_id=5083\" class=\"wp-image-5083\" srcset=\"https:\/\/patrimoine-laroque-des-alberes.fr\/wp-content\/uploads\/2020\/05\/Sentier-casot-den-lic-2012-avant_opt.jpg 400w, https:\/\/patrimoine-laroque-des-alberes.fr\/wp-content\/uploads\/2020\/05\/Sentier-casot-den-lic-2012-avant_opt-300x225.jpg 300w\" sizes=\"auto, (max-width: 400px) 100vw, 400px\" \/><\/figure><\/li><li class=\"blocks-gallery-item\"><figure><img loading=\"lazy\" decoding=\"async\" width=\"400\" height=\"300\" src=\"https:\/\/patrimoine-laroque-des-alberes.fr\/wp-content\/uploads\/2020\/05\/Sentier-Casot-den-lic-2012-d\u00e9blay\u00e9_opt.jpg\" alt=\"\" data-id=\"5084\" data-link=\"https:\/\/patrimoine-laroque-des-alberes.fr\/?attachment_id=5084\" class=\"wp-image-5084\" srcset=\"https:\/\/patrimoine-laroque-des-alberes.fr\/wp-content\/uploads\/2020\/05\/Sentier-Casot-den-lic-2012-d\u00e9blay\u00e9_opt.jpg 400w, https:\/\/patrimoine-laroque-des-alberes.fr\/wp-content\/uploads\/2020\/05\/Sentier-Casot-den-lic-2012-d\u00e9blay\u00e9_opt-300x225.jpg 300w\" sizes=\"auto, (max-width: 400px) 100vw, 400px\" \/><\/figure><\/li><\/ul><\/figure>\n\n\n\n<figure class=\"wp-block-gallery columns-3 is-cropped wp-block-gallery-3 is-layout-flex wp-block-gallery-is-layout-flex\"><ul class=\"blocks-gallery-grid\"><li class=\"blocks-gallery-item\"><figure><img loading=\"lazy\" decoding=\"async\" width=\"400\" height=\"300\" src=\"https:\/\/patrimoine-laroque-des-alberes.fr\/wp-content\/uploads\/2020\/05\/Sentier-casot-den-lic-2012-tronc_opt-1.jpg\" alt=\"\" data-id=\"5089\" data-link=\"https:\/\/patrimoine-laroque-des-alberes.fr\/?attachment_id=5089\" class=\"wp-image-5089\" srcset=\"https:\/\/patrimoine-laroque-des-alberes.fr\/wp-content\/uploads\/2020\/05\/Sentier-casot-den-lic-2012-tronc_opt-1.jpg 400w, https:\/\/patrimoine-laroque-des-alberes.fr\/wp-content\/uploads\/2020\/05\/Sentier-casot-den-lic-2012-tronc_opt-1-300x225.jpg 300w\" sizes=\"auto, (max-width: 400px) 100vw, 400px\" \/><\/figure><\/li><li class=\"blocks-gallery-item\"><figure><img loading=\"lazy\" decoding=\"async\" width=\"400\" height=\"535\" src=\"https:\/\/patrimoine-laroque-des-alberes.fr\/wp-content\/uploads\/2020\/05\/Sentier-casot-den-Lic-2013-opt-1.jpg\" alt=\"\" data-id=\"5090\" data-link=\"https:\/\/patrimoine-laroque-des-alberes.fr\/?attachment_id=5090\" class=\"wp-image-5090\" srcset=\"https:\/\/patrimoine-laroque-des-alberes.fr\/wp-content\/uploads\/2020\/05\/Sentier-casot-den-Lic-2013-opt-1.jpg 400w, https:\/\/patrimoine-laroque-des-alberes.fr\/wp-content\/uploads\/2020\/05\/Sentier-casot-den-Lic-2013-opt-1-224x300.jpg 224w\" sizes=\"auto, (max-width: 400px) 100vw, 400px\" \/><\/figure><\/li><li class=\"blocks-gallery-item\"><figure><img loading=\"lazy\" decoding=\"async\" width=\"400\" height=\"299\" src=\"https:\/\/patrimoine-laroque-des-alberes.fr\/wp-content\/uploads\/2020\/05\/Sentier-casot-den-lic-201-toit_opt-1.jpg\" alt=\"\" data-id=\"5091\" data-full-url=\"https:\/\/patrimoine-laroque-des-alberes.fr\/wp-content\/uploads\/2020\/05\/Sentier-casot-den-lic-201-toit_opt-1.jpg\" data-link=\"https:\/\/patrimoine-laroque-des-alberes.fr\/?attachment_id=5091\" class=\"wp-image-5091\" srcset=\"https:\/\/patrimoine-laroque-des-alberes.fr\/wp-content\/uploads\/2020\/05\/Sentier-casot-den-lic-201-toit_opt-1.jpg 400w, https:\/\/patrimoine-laroque-des-alberes.fr\/wp-content\/uploads\/2020\/05\/Sentier-casot-den-lic-201-toit_opt-1-300x224.jpg 300w\" sizes=\"auto, (max-width: 400px) 100vw, 400px\" \/><\/figure><\/li><\/ul><\/figure>\n\n\n\n<figure class=\"wp-block-gallery columns-1 is-cropped wp-block-gallery-4 is-layout-flex wp-block-gallery-is-layout-flex\"><ul class=\"blocks-gallery-grid\"><li class=\"blocks-gallery-item\"><figure><img loading=\"lazy\" decoding=\"async\" width=\"400\" height=\"300\" src=\"https:\/\/patrimoine-laroque-des-alberes.fr\/wp-content\/uploads\/2020\/05\/Sentier-casot-den-Lic-2014-termin\u00e9_opt.jpg\" alt=\"\" data-id=\"5092\" data-full-url=\"https:\/\/patrimoine-laroque-des-alberes.fr\/wp-content\/uploads\/2020\/05\/Sentier-casot-den-Lic-2014-termin\u00e9_opt.jpg\" data-link=\"https:\/\/patrimoine-laroque-des-alberes.fr\/?attachment_id=5092\" class=\"wp-image-5092\" srcset=\"https:\/\/patrimoine-laroque-des-alberes.fr\/wp-content\/uploads\/2020\/05\/Sentier-casot-den-Lic-2014-termin\u00e9_opt.jpg 400w, https:\/\/patrimoine-laroque-des-alberes.fr\/wp-content\/uploads\/2020\/05\/Sentier-casot-den-Lic-2014-termin\u00e9_opt-300x225.jpg 300w\" sizes=\"auto, (max-width: 400px) 100vw, 400px\" \/><\/figure><\/li><\/ul><\/figure>\n\n\n\n<div class=\"wp-block-media-text alignwide is-stacked-on-mobile\"><figure class=\"wp-block-media-text__media\"><img loading=\"lazy\" decoding=\"async\" width=\"400\" height=\"192\" src=\"https:\/\/patrimoine-laroque-des-alberes.fr\/wp-content\/uploads\/2020\/05\/Sentier-casot-den-lic-2019-pont-2019_opt.jpg\" alt=\"\" class=\"wp-image-5093\" srcset=\"https:\/\/patrimoine-laroque-des-alberes.fr\/wp-content\/uploads\/2020\/05\/Sentier-casot-den-lic-2019-pont-2019_opt.jpg 400w, https:\/\/patrimoine-laroque-des-alberes.fr\/wp-content\/uploads\/2020\/05\/Sentier-casot-den-lic-2019-pont-2019_opt-300x144.jpg 300w\" sizes=\"auto, (max-width: 400px) 100vw, 400px\" \/><\/figure><div class=\"wp-block-media-text__content\">\n<p style=\"font-size:15px\"><strong>Reconstruction du pont apr\u00e8s la temp\u00eate \u00ab\u00a0Gloria\u00a0\u00bb en 2019<\/strong><\/p>\n<\/div><\/div>\n\n\n\n<div class=\"wp-block-media-text alignwide has-media-on-the-right is-stacked-on-mobile\"><figure class=\"wp-block-media-text__media\"><img loading=\"lazy\" decoding=\"async\" width=\"400\" height=\"194\" src=\"https:\/\/patrimoine-laroque-des-alberes.fr\/wp-content\/uploads\/2020\/05\/Sentier-Casot-den-Lic-2020-Gloria_opt.jpg\" alt=\"\" class=\"wp-image-5094\" srcset=\"https:\/\/patrimoine-laroque-des-alberes.fr\/wp-content\/uploads\/2020\/05\/Sentier-Casot-den-Lic-2020-Gloria_opt.jpg 400w, https:\/\/patrimoine-laroque-des-alberes.fr\/wp-content\/uploads\/2020\/05\/Sentier-Casot-den-Lic-2020-Gloria_opt-300x146.jpg 300w\" sizes=\"auto, (max-width: 400px) 100vw, 400px\" \/><\/figure><div class=\"wp-block-media-text__content\">\n<p style=\"font-size:15px\"><strong>D\u00e9blaiement du sentier apr\u00e8s la temp\u00eate<\/strong><\/p>\n<\/div><\/div>\n","protected":false},"excerpt":{"rendered":"<p>Cette construction, plus grande qu&rsquo;une cabane, servait de remise \u00e0 outils lorsque les terrains en \u00ab\u00a0terrasses\u00a0\u00bb \u00e9taient cultiv\u00e9s en arbres fruitiers. Casot en 2012 &#8211; 2013 Reconstruction du pont apr\u00e8s la temp\u00eate \u00ab\u00a0Gloria\u00a0\u00bb en 2019 D\u00e9blaiement du sentier apr\u00e8s la temp\u00eate<\/p>\n","protected":false},"author":1,"featured_media":6002,"parent":0,"menu_order":0,"comment_status":"closed","ping_status":"closed","template":"","meta":{"_monsterinsights_skip_tracking":false,"_monsterinsights_sitenote_active":false,"_monsterinsights_sitenote_note":"","_monsterinsights_sitenote_category":0,"footnotes":""},"class_list":["post-5082","page","type-page","status-publish","has-post-thumbnail","hentry"],"_links":{"self":[{"href":"https:\/\/patrimoine-laroque-des-alberes.fr\/index.php?rest_route=\/wp\/v2\/pages\/5082","targetHints":{"allow":["GET"]}}],"collection":[{"href":"https:\/\/patrimoine-laroque-des-alberes.fr\/index.php?rest_route=\/wp\/v2\/pages"}],"about":[{"href":"https:\/\/patrimoine-laroque-des-alberes.fr\/index.php?rest_route=\/wp\/v2\/types\/page"}],"author":[{"embeddable":true,"href":"https:\/\/patrimoine-laroque-des-alberes.fr\/index.php?rest_route=\/wp\/v2\/users\/1"}],"replies":[{"embeddable":true,"href":"https:\/\/patrimoine-laroque-des-alberes.fr\/index.php?rest_route=%2Fwp%2Fv2%2Fcomments&post=5082"}],"version-history":[{"count":4,"href":"https:\/\/patrimoine-laroque-des-alberes.fr\/index.php?rest_route=\/wp\/v2\/pages\/5082\/revisions"}],"predecessor-version":[{"id":5861,"href":"https:\/\/patrimoine-laroque-des-alberes.fr\/index.php?rest_route=\/wp\/v2\/pages\/5082\/revisions\/5861"}],"wp:featuredmedia":[{"embeddable":true,"href":"https:\/\/patrimoine-laroque-des-alberes.fr\/index.php?rest_route=\/wp\/v2\/media\/6002"}],"wp:attachment":[{"href":"https:\/\/patrimoine-laroque-des-alberes.fr\/index.php?rest_route=%2Fwp%2Fv2%2Fmedia&parent=5082"}],"curies":[{"name":"wp","href":"https:\/\/api.w.org\/{rel}","templated":true}]}}