{"id":6039,"date":"2020-11-23T17:35:07","date_gmt":"2020-11-23T17:35:07","guid":{"rendered":"http:\/\/patrimoine-laroque-des-alberes.fr\/?page_id=6039"},"modified":"2024-09-19T09:15:04","modified_gmt":"2024-09-19T09:15:04","slug":"adhesions-et-partenariats","status":"publish","type":"page","link":"https:\/\/patrimoine-laroque-des-alberes.fr\/?page_id=6039","title":{"rendered":"Adh\u00e9sions et partenariats"},"content":{"rendered":"\n<h2 class=\"wp-block-heading\">Adh\u00e9rents \u00e0 :<\/h2>\n\n\n\n<ul class=\"wp-block-list\">\n<li>l&rsquo;<strong>ASVAC<\/strong> : Association pour la Sauvegarde des Valeurs Arch\u00e9ologiques et culturelles<\/li>\n\n\n\n<li>l&rsquo;<strong>ASPHAR<\/strong> : Association pour la Sauvegarde du Patrimoine Artistique et Historique Roussillonais<\/li>\n\n\n\n<li><strong>FDMF<\/strong> : F\u00e9d\u00e9ration des Moulins de France<\/li>\n\n\n\n<li><strong>HISTARC<\/strong> : Histoire et Arch\u00e9ologie en Pyr\u00e9n\u00e9es M\u00e9diterran\u00e9e<\/li>\n\n\n\n<li><strong>Comit\u00e9 de jumelage<\/strong> Baga\/Laroque<\/li>\n\n\n\n<li><strong>AS.PA.VA.ROM.<\/strong> : Association pour le Patrimoine de la Vall\u00e9e de la Rome <\/li>\n\n\n\n<li><strong>COLLECTIU<\/strong> <strong>ELS AMICS DE MANEL<\/strong> : Collectif. (chalet de l&rsquo;Alb\u00e8re)<\/li>\n<\/ul>\n\n\n\n<h2 class=\"wp-block-heading\">Partenaires<\/h2>\n\n\n\n<ul class=\"wp-block-list\">\n<li>Lyc\u00e9e des M\u00e9tiers du b\u00e2timent Alfred Sauvy \u00e0 Villelongue des Monts<\/li>\n\n\n\n<li>Soci\u00e9t\u00e9 France Bonhomme \u00e0 Argel\u00e8s sur mer<\/li>\n\n\n\n<li>Briqueterie Sainte Marcelle \u00e0 Saint Jean Pla de Corts<\/li>\n\n\n\n<li>EIRL Nicolas Palet \u00e0 Saint Andr\u00e9<\/li>\n\n\n\n<li>Soci\u00e9t\u00e9 CBS B\u00e9ton <\/li>\n\n\n\n<li>SARL William Laroque des Alb\u00e8res<\/li>\n<\/ul>\n\n\n\n<h2 class=\"wp-block-heading\">Membres<\/h2>\n\n\n\n<ul class=\"wp-block-list\">\n<li>Comit\u00e9 de Direction de l&rsquo;Office de tourisme intercommunal Pyr\u00e9n\u00e9es M\u00e9diterran\u00e9e (OTIPyMed)<\/li>\n<\/ul>\n","protected":false},"excerpt":{"rendered":"<p>Adh\u00e9rents \u00e0 : Partenaires Membres<\/p>\n","protected":false},"author":1,"featured_media":6275,"parent":0,"menu_order":0,"comment_status":"closed","ping_status":"closed","template":"","meta":{"_monsterinsights_skip_tracking":false,"_monsterinsights_sitenote_active":false,"_monsterinsights_sitenote_note":"","_monsterinsights_sitenote_category":0,"footnotes":""},"class_list":["post-6039","page","type-page","status-publish","has-post-thumbnail","hentry"],"_links":{"self":[{"href":"https:\/\/patrimoine-laroque-des-alberes.fr\/index.php?rest_route=\/wp\/v2\/pages\/6039","targetHints":{"allow":["GET"]}}],"collection":[{"href":"https:\/\/patrimoine-laroque-des-alberes.fr\/index.php?rest_route=\/wp\/v2\/pages"}],"about":[{"href":"https:\/\/patrimoine-laroque-des-alberes.fr\/index.php?rest_route=\/wp\/v2\/types\/page"}],"author":[{"embeddable":true,"href":"https:\/\/patrimoine-laroque-des-alberes.fr\/index.php?rest_route=\/wp\/v2\/users\/1"}],"replies":[{"embeddable":true,"href":"https:\/\/patrimoine-laroque-des-alberes.fr\/index.php?rest_route=%2Fwp%2Fv2%2Fcomments&post=6039"}],"version-history":[{"count":12,"href":"https:\/\/patrimoine-laroque-des-alberes.fr\/index.php?rest_route=\/wp\/v2\/pages\/6039\/revisions"}],"predecessor-version":[{"id":8235,"href":"https:\/\/patrimoine-laroque-des-alberes.fr\/index.php?rest_route=\/wp\/v2\/pages\/6039\/revisions\/8235"}],"wp:featuredmedia":[{"embeddable":true,"href":"https:\/\/patrimoine-laroque-des-alberes.fr\/index.php?rest_route=\/wp\/v2\/media\/6275"}],"wp:attachment":[{"href":"https:\/\/patrimoine-laroque-des-alberes.fr\/index.php?rest_route=%2Fwp%2Fv2%2Fmedia&parent=6039"}],"curies":[{"name":"wp","href":"https:\/\/api.w.org\/{rel}","templated":true}]}}