{"id":6120,"date":"2020-12-06T03:00:56","date_gmt":"2020-12-06T03:00:56","guid":{"rendered":"http:\/\/patrimoine-laroque-des-alberes.fr\/?page_id=6120"},"modified":"2025-07-08T19:12:05","modified_gmt":"2025-07-08T19:12:05","slug":"bibliotheque","status":"publish","type":"page","link":"https:\/\/patrimoine-laroque-des-alberes.fr\/?page_id=6120","title":{"rendered":"Biblioth\u00e8que"},"content":{"rendered":"\n<hr class=\"wp-block-separator has-css-opacity\"\/>\n\n\n\n<h2 class=\"wp-block-heading\" id=\"nouveau\">NOUVEAU<\/h2>\n\n\n\n<p><strong>BIBLIOTHEQUE DE L&rsquo;ASSOCIATION (livres \u00e0 votre disposition)<\/strong><\/p>\n\n\n\n<p>S&rsquo;adresser \u00e0 Mme Monique Fabarez t\u00e9l : 06 21 07 08 51 pour r\u00e9servation<\/p>\n\n\n\n<div class=\"wp-block-file\"><a id=\"wp-block-file--media-a5bfa1e4-741e-449b-b911-85dbeee04f2f\" href=\"https:\/\/patrimoine-laroque-des-alberes.fr\/wp-content\/uploads\/2025\/07\/Bibliotheque-patrimoine-1.xlsx\">Biblioth\u00e8que patrimoine<\/a><a href=\"https:\/\/patrimoine-laroque-des-alberes.fr\/wp-content\/uploads\/2025\/07\/Bibliotheque-patrimoine-1.xlsx\" class=\"wp-block-file__button wp-element-button\" download aria-describedby=\"wp-block-file--media-a5bfa1e4-741e-449b-b911-85dbeee04f2f\">T\u00e9l\u00e9charger<\/a><\/div>\n","protected":false},"excerpt":{"rendered":"<p>NOUVEAU BIBLIOTHEQUE DE L&rsquo;ASSOCIATION (livres \u00e0 votre disposition) S&rsquo;adresser \u00e0 Mme Monique Fabarez t\u00e9l : 06 21 07 08 51 pour r\u00e9servation<\/p>\n","protected":false},"author":1,"featured_media":7340,"parent":0,"menu_order":0,"comment_status":"closed","ping_status":"closed","template":"","meta":{"_monsterinsights_skip_tracking":false,"_monsterinsights_sitenote_active":false,"_monsterinsights_sitenote_note":"","_monsterinsights_sitenote_category":0,"footnotes":""},"class_list":["post-6120","page","type-page","status-publish","has-post-thumbnail","hentry"],"_links":{"self":[{"href":"https:\/\/patrimoine-laroque-des-alberes.fr\/index.php?rest_route=\/wp\/v2\/pages\/6120","targetHints":{"allow":["GET"]}}],"collection":[{"href":"https:\/\/patrimoine-laroque-des-alberes.fr\/index.php?rest_route=\/wp\/v2\/pages"}],"about":[{"href":"https:\/\/patrimoine-laroque-des-alberes.fr\/index.php?rest_route=\/wp\/v2\/types\/page"}],"author":[{"embeddable":true,"href":"https:\/\/patrimoine-laroque-des-alberes.fr\/index.php?rest_route=\/wp\/v2\/users\/1"}],"replies":[{"embeddable":true,"href":"https:\/\/patrimoine-laroque-des-alberes.fr\/index.php?rest_route=%2Fwp%2Fv2%2Fcomments&post=6120"}],"version-history":[{"count":36,"href":"https:\/\/patrimoine-laroque-des-alberes.fr\/index.php?rest_route=\/wp\/v2\/pages\/6120\/revisions"}],"predecessor-version":[{"id":8436,"href":"https:\/\/patrimoine-laroque-des-alberes.fr\/index.php?rest_route=\/wp\/v2\/pages\/6120\/revisions\/8436"}],"wp:featuredmedia":[{"embeddable":true,"href":"https:\/\/patrimoine-laroque-des-alberes.fr\/index.php?rest_route=\/wp\/v2\/media\/7340"}],"wp:attachment":[{"href":"https:\/\/patrimoine-laroque-des-alberes.fr\/index.php?rest_route=%2Fwp%2Fv2%2Fmedia&parent=6120"}],"curies":[{"name":"wp","href":"https:\/\/api.w.org\/{rel}","templated":true}]}}