{"id":6485,"date":"2021-02-09T17:37:05","date_gmt":"2021-02-09T17:37:05","guid":{"rendered":"http:\/\/patrimoine-laroque-des-alberes.fr\/?page_id=6485"},"modified":"2023-08-02T12:53:07","modified_gmt":"2023-08-02T12:53:07","slug":"puits-du-mas-rancoure","status":"publish","type":"page","link":"https:\/\/patrimoine-laroque-des-alberes.fr\/?page_id=6485","title":{"rendered":"Puits du Mas Rancoure"},"content":{"rendered":"\n<figure class=\"wp-block-gallery has-nested-images columns-default is-cropped wp-block-gallery-2 is-layout-flex wp-block-gallery-is-layout-flex\">\n<figure class=\"wp-block-image size-large\"><img loading=\"lazy\" decoding=\"async\" width=\"400\" height=\"309\" data-id=\"6518\" src=\"https:\/\/patrimoine-laroque-des-alberes.fr\/wp-content\/uploads\/2021\/02\/Puits-Rancoure-1_opt.jpg\" alt=\"\" class=\"wp-image-6518\" srcset=\"https:\/\/patrimoine-laroque-des-alberes.fr\/wp-content\/uploads\/2021\/02\/Puits-Rancoure-1_opt.jpg 400w, https:\/\/patrimoine-laroque-des-alberes.fr\/wp-content\/uploads\/2021\/02\/Puits-Rancoure-1_opt-300x232.jpg 300w\" sizes=\"auto, (max-width: 400px) 100vw, 400px\" \/><\/figure>\n\n\n\n<figure class=\"wp-block-image size-large\"><img loading=\"lazy\" decoding=\"async\" width=\"400\" height=\"300\" data-id=\"6623\" src=\"https:\/\/patrimoine-laroque-des-alberes.fr\/wp-content\/uploads\/2021\/02\/Puits-Pardineille_opt.jpg\" alt=\"\" class=\"wp-image-6623\" srcset=\"https:\/\/patrimoine-laroque-des-alberes.fr\/wp-content\/uploads\/2021\/02\/Puits-Pardineille_opt.jpg 400w, https:\/\/patrimoine-laroque-des-alberes.fr\/wp-content\/uploads\/2021\/02\/Puits-Pardineille_opt-300x225.jpg 300w\" sizes=\"auto, (max-width: 400px) 100vw, 400px\" \/><\/figure>\n<\/figure>\n\n\n\n<h4 class=\"wp-block-heading has-text-align-center\">2021 d\u00e9but des travaux de restauration<\/h4>\n\n\n\n<figure class=\"wp-block-gallery has-nested-images columns-default is-cropped wp-block-gallery-3 is-layout-flex wp-block-gallery-is-layout-flex\">\n<figure class=\"wp-block-image size-large\"><img loading=\"lazy\" decoding=\"async\" width=\"1024\" height=\"768\" data-id=\"6806\" src=\"https:\/\/patrimoine-laroque-des-alberes.fr\/wp-content\/uploads\/2021\/03\/Puits-pardineill-ebut-travaux-opt-1024x768.jpg\" alt=\"\" class=\"wp-image-6806\" srcset=\"https:\/\/patrimoine-laroque-des-alberes.fr\/wp-content\/uploads\/2021\/03\/Puits-pardineill-ebut-travaux-opt-1024x768.jpg 1024w, https:\/\/patrimoine-laroque-des-alberes.fr\/wp-content\/uploads\/2021\/03\/Puits-pardineill-ebut-travaux-opt-300x225.jpg 300w, https:\/\/patrimoine-laroque-des-alberes.fr\/wp-content\/uploads\/2021\/03\/Puits-pardineill-ebut-travaux-opt-768x576.jpg 768w, https:\/\/patrimoine-laroque-des-alberes.fr\/wp-content\/uploads\/2021\/03\/Puits-pardineill-ebut-travaux-opt.jpg 1200w\" sizes=\"auto, (max-width: 1024px) 100vw, 1024px\" \/><\/figure>\n\n\n\n<figure class=\"wp-block-image size-large\"><img loading=\"lazy\" decoding=\"async\" width=\"400\" height=\"300\" data-id=\"6850\" src=\"https:\/\/patrimoine-laroque-des-alberes.fr\/wp-content\/uploads\/2021\/05\/2021-05-puits-Rancoure-consolidation-base_opt.jpg\" alt=\"\" class=\"wp-image-6850\" srcset=\"https:\/\/patrimoine-laroque-des-alberes.fr\/wp-content\/uploads\/2021\/05\/2021-05-puits-Rancoure-consolidation-base_opt.jpg 400w, https:\/\/patrimoine-laroque-des-alberes.fr\/wp-content\/uploads\/2021\/05\/2021-05-puits-Rancoure-consolidation-base_opt-300x225.jpg 300w\" sizes=\"auto, (max-width: 400px) 100vw, 400px\" \/><\/figure>\n<\/figure>\n\n\n<div class=\"wp-block-image\">\n<figure class=\"aligncenter size-large is-resized\"><img loading=\"lazy\" decoding=\"async\" src=\"https:\/\/patrimoine-laroque-des-alberes.fr\/wp-content\/uploads\/2021\/05\/2021-05-puits-Rancoure-pose-porte_opt-rotated.jpg\" alt=\"\" class=\"wp-image-6852\" width=\"326\" height=\"435\" srcset=\"https:\/\/patrimoine-laroque-des-alberes.fr\/wp-content\/uploads\/2021\/05\/2021-05-puits-Rancoure-pose-porte_opt-rotated.jpg 300w, https:\/\/patrimoine-laroque-des-alberes.fr\/wp-content\/uploads\/2021\/05\/2021-05-puits-Rancoure-pose-porte_opt-225x300.jpg 225w\" sizes=\"auto, (max-width: 326px) 100vw, 326px\" \/><figcaption class=\"wp-element-caption\">Pose de la porte d&rsquo;acc\u00e8s au puits<\/figcaption><\/figure>\n<\/div>\n\n\n<hr class=\"wp-block-separator has-alpha-channel-opacity\"\/>\n\n\n\n<h4 class=\"wp-block-heading has-text-align-center\">En 2022, apr\u00e8s le soubassement le haut du puits va retrouver sa jeunesse<\/h4>\n\n\n<div class=\"wp-block-image\">\n<figure class=\"aligncenter size-full\"><img loading=\"lazy\" decoding=\"async\" width=\"500\" height=\"374\" src=\"https:\/\/patrimoine-laroque-des-alberes.fr\/wp-content\/uploads\/2022\/12\/Puits-haut.jpg\" alt=\"\" class=\"wp-image-7527\" srcset=\"https:\/\/patrimoine-laroque-des-alberes.fr\/wp-content\/uploads\/2022\/12\/Puits-haut.jpg 500w, https:\/\/patrimoine-laroque-des-alberes.fr\/wp-content\/uploads\/2022\/12\/Puits-haut-300x224.jpg 300w\" sizes=\"auto, (max-width: 500px) 100vw, 500px\" \/><\/figure>\n<\/div>\n\n\n<hr class=\"wp-block-separator has-alpha-channel-opacity\"\/>\n\n\n\n<h4 class=\"wp-block-heading\">                                   2023 le puits retrouve sa structure originelle avec sa margelle<\/h4>\n\n\n\n<figure class=\"wp-block-gallery has-nested-images columns-default is-cropped wp-block-gallery-4 is-layout-flex wp-block-gallery-is-layout-flex\">\n<figure class=\"wp-block-image size-large\"><img loading=\"lazy\" decoding=\"async\" width=\"600\" height=\"450\" data-id=\"7682\" src=\"https:\/\/patrimoine-laroque-des-alberes.fr\/wp-content\/uploads\/2023\/02\/Puits-2023-debut-margelle.jpg\" alt=\"\" class=\"wp-image-7682\" srcset=\"https:\/\/patrimoine-laroque-des-alberes.fr\/wp-content\/uploads\/2023\/02\/Puits-2023-debut-margelle.jpg 600w, https:\/\/patrimoine-laroque-des-alberes.fr\/wp-content\/uploads\/2023\/02\/Puits-2023-debut-margelle-300x225.jpg 300w\" sizes=\"auto, (max-width: 600px) 100vw, 600px\" \/><\/figure>\n\n\n\n<figure class=\"wp-block-image size-large\"><img loading=\"lazy\" decoding=\"async\" width=\"359\" height=\"281\" data-id=\"7681\" src=\"https:\/\/patrimoine-laroque-des-alberes.fr\/wp-content\/uploads\/2023\/02\/Puits-2023-margelle-1.jpg\" alt=\"\" class=\"wp-image-7681\" srcset=\"https:\/\/patrimoine-laroque-des-alberes.fr\/wp-content\/uploads\/2023\/02\/Puits-2023-margelle-1.jpg 359w, https:\/\/patrimoine-laroque-des-alberes.fr\/wp-content\/uploads\/2023\/02\/Puits-2023-margelle-1-300x235.jpg 300w\" sizes=\"auto, (max-width: 359px) 100vw, 359px\" \/><\/figure>\n<\/figure>\n\n\n<div class=\"wp-block-image\">\n<figure class=\"aligncenter size-full\"><img loading=\"lazy\" decoding=\"async\" width=\"450\" height=\"291\" src=\"https:\/\/patrimoine-laroque-des-alberes.fr\/wp-content\/uploads\/2023\/03\/Puits-Rancoure-2023-03-18.jpg\" alt=\"\" class=\"wp-image-7729\" srcset=\"https:\/\/patrimoine-laroque-des-alberes.fr\/wp-content\/uploads\/2023\/03\/Puits-Rancoure-2023-03-18.jpg 450w, https:\/\/patrimoine-laroque-des-alberes.fr\/wp-content\/uploads\/2023\/03\/Puits-Rancoure-2023-03-18-300x194.jpg 300w\" sizes=\"auto, (max-width: 450px) 100vw, 450px\" \/><\/figure>\n<\/div>\n\n\n<hr class=\"wp-block-separator has-alpha-channel-opacity\"\/>\n\n\n\n<h4 class=\"wp-block-heading\">                     Bravo \u00e0 l&rsquo;\u00e9quipe. Le puits est termin\u00e9 et d\u00e9voile toute sa beaut\u00e9 d&rsquo;autrefois<\/h4>\n\n\n\n<figure class=\"wp-block-gallery has-nested-images columns-default is-cropped wp-block-gallery-5 is-layout-flex wp-block-gallery-is-layout-flex\">\n<figure class=\"wp-block-image size-large\"><img loading=\"lazy\" decoding=\"async\" width=\"1024\" height=\"497\" data-id=\"7786\" src=\"https:\/\/patrimoine-laroque-des-alberes.fr\/wp-content\/uploads\/2023\/04\/IMG-20230414-WA0007-1024x497.jpg\" alt=\"\" class=\"wp-image-7786\" srcset=\"https:\/\/patrimoine-laroque-des-alberes.fr\/wp-content\/uploads\/2023\/04\/IMG-20230414-WA0007-1024x497.jpg 1024w, https:\/\/patrimoine-laroque-des-alberes.fr\/wp-content\/uploads\/2023\/04\/IMG-20230414-WA0007-300x146.jpg 300w, https:\/\/patrimoine-laroque-des-alberes.fr\/wp-content\/uploads\/2023\/04\/IMG-20230414-WA0007-768x373.jpg 768w, https:\/\/patrimoine-laroque-des-alberes.fr\/wp-content\/uploads\/2023\/04\/IMG-20230414-WA0007.jpg 1240w\" sizes=\"auto, (max-width: 1024px) 100vw, 1024px\" \/><\/figure>\n\n\n\n<figure class=\"wp-block-image size-large\"><img loading=\"lazy\" decoding=\"async\" width=\"1024\" height=\"497\" data-id=\"7785\" src=\"https:\/\/patrimoine-laroque-des-alberes.fr\/wp-content\/uploads\/2023\/04\/IMG-20230414-WA0003-1024x497.jpg\" alt=\"\" class=\"wp-image-7785\" srcset=\"https:\/\/patrimoine-laroque-des-alberes.fr\/wp-content\/uploads\/2023\/04\/IMG-20230414-WA0003-1024x497.jpg 1024w, https:\/\/patrimoine-laroque-des-alberes.fr\/wp-content\/uploads\/2023\/04\/IMG-20230414-WA0003-300x146.jpg 300w, https:\/\/patrimoine-laroque-des-alberes.fr\/wp-content\/uploads\/2023\/04\/IMG-20230414-WA0003-768x373.jpg 768w, https:\/\/patrimoine-laroque-des-alberes.fr\/wp-content\/uploads\/2023\/04\/IMG-20230414-WA0003.jpg 1240w\" sizes=\"auto, (max-width: 1024px) 100vw, 1024px\" \/><\/figure>\n<\/figure>\n\n\n\n<h4 class=\"wp-block-heading\">                                                              Vue a\u00e9rienne du puits. Super<\/h4>\n\n\n<div class=\"wp-block-image\">\n<figure class=\"aligncenter size-full\"><img loading=\"lazy\" decoding=\"async\" width=\"700\" height=\"467\" src=\"https:\/\/patrimoine-laroque-des-alberes.fr\/wp-content\/uploads\/2023\/05\/DSC_4433-2.jpg\" alt=\"\" class=\"wp-image-7800\" srcset=\"https:\/\/patrimoine-laroque-des-alberes.fr\/wp-content\/uploads\/2023\/05\/DSC_4433-2.jpg 700w, https:\/\/patrimoine-laroque-des-alberes.fr\/wp-content\/uploads\/2023\/05\/DSC_4433-2-300x200.jpg 300w, https:\/\/patrimoine-laroque-des-alberes.fr\/wp-content\/uploads\/2023\/05\/DSC_4433-2-360x240.jpg 360w\" sizes=\"auto, (max-width: 700px) 100vw, 700px\" \/><\/figure>\n<\/div>\n\n\n<hr class=\"wp-block-separator has-alpha-channel-opacity\"\/>\n\n\n\n<h3 class=\"wp-block-heading has-text-align-center\">Le puits est totalement restaur\u00e9 et il a \u00e9t\u00e9 baptis\u00e9 dans la joie et la bonne humeur par toute l&rsquo;\u00e9quipe.<\/h3>\n\n\n\n<figure class=\"wp-block-image size-full\"><img loading=\"lazy\" decoding=\"async\" width=\"800\" height=\"600\" src=\"https:\/\/patrimoine-laroque-des-alberes.fr\/wp-content\/uploads\/2023\/08\/2023-06-Bapteme-fin.jpg\" alt=\"\" class=\"wp-image-7837\" srcset=\"https:\/\/patrimoine-laroque-des-alberes.fr\/wp-content\/uploads\/2023\/08\/2023-06-Bapteme-fin.jpg 800w, https:\/\/patrimoine-laroque-des-alberes.fr\/wp-content\/uploads\/2023\/08\/2023-06-Bapteme-fin-300x225.jpg 300w, https:\/\/patrimoine-laroque-des-alberes.fr\/wp-content\/uploads\/2023\/08\/2023-06-Bapteme-fin-768x576.jpg 768w\" sizes=\"auto, (max-width: 800px) 100vw, 800px\" \/><\/figure>\n","protected":false},"excerpt":{"rendered":"<p>2021 d\u00e9but des travaux de restauration En 2022, apr\u00e8s le soubassement le haut du puits va retrouver sa jeunesse 2023 le puits retrouve sa structure originelle avec sa margelle Bravo \u00e0 l&rsquo;\u00e9quipe. Le puits est termin\u00e9 et d\u00e9voile toute sa beaut\u00e9 d&rsquo;autrefois Vue a\u00e9rienne du puits. Super Le puits est [&hellip;]<\/p>\n","protected":false},"author":1,"featured_media":7125,"parent":0,"menu_order":0,"comment_status":"closed","ping_status":"closed","template":"","meta":{"_monsterinsights_skip_tracking":false,"_monsterinsights_sitenote_active":false,"_monsterinsights_sitenote_note":"","_monsterinsights_sitenote_category":0,"footnotes":""},"class_list":["post-6485","page","type-page","status-publish","has-post-thumbnail","hentry"],"_links":{"self":[{"href":"https:\/\/patrimoine-laroque-des-alberes.fr\/index.php?rest_route=\/wp\/v2\/pages\/6485","targetHints":{"allow":["GET"]}}],"collection":[{"href":"https:\/\/patrimoine-laroque-des-alberes.fr\/index.php?rest_route=\/wp\/v2\/pages"}],"about":[{"href":"https:\/\/patrimoine-laroque-des-alberes.fr\/index.php?rest_route=\/wp\/v2\/types\/page"}],"author":[{"embeddable":true,"href":"https:\/\/patrimoine-laroque-des-alberes.fr\/index.php?rest_route=\/wp\/v2\/users\/1"}],"replies":[{"embeddable":true,"href":"https:\/\/patrimoine-laroque-des-alberes.fr\/index.php?rest_route=%2Fwp%2Fv2%2Fcomments&post=6485"}],"version-history":[{"count":18,"href":"https:\/\/patrimoine-laroque-des-alberes.fr\/index.php?rest_route=\/wp\/v2\/pages\/6485\/revisions"}],"predecessor-version":[{"id":7838,"href":"https:\/\/patrimoine-laroque-des-alberes.fr\/index.php?rest_route=\/wp\/v2\/pages\/6485\/revisions\/7838"}],"wp:featuredmedia":[{"embeddable":true,"href":"https:\/\/patrimoine-laroque-des-alberes.fr\/index.php?rest_route=\/wp\/v2\/media\/7125"}],"wp:attachment":[{"href":"https:\/\/patrimoine-laroque-des-alberes.fr\/index.php?rest_route=%2Fwp%2Fv2%2Fmedia&parent=6485"}],"curies":[{"name":"wp","href":"https:\/\/api.w.org\/{rel}","templated":true}]}}